{"id":12,"date":"2020-03-28T15:23:54","date_gmt":"2020-03-28T15:23:54","guid":{"rendered":"http:\/\/appetitcafe.pl\/?page_id=12"},"modified":"2025-01-21T00:34:43","modified_gmt":"2025-01-21T00:34:43","slug":"restauracja-jelenia-gora-cieplice-menu","status":"publish","type":"page","link":"https:\/\/appetitcafe.pl\/index.php\/restauracja-jelenia-gora-cieplice-menu\/","title":{"rendered":"Menu"},"content":{"rendered":"\n<hr class=\"wp-block-separator is-style-wide\" id=\"at.menu\"\/>\n\n\n\n<div style=\"height:50px\" aria-hidden=\"true\" class=\"wp-block-spacer\"><\/div>\n\n\n\n<h2 class=\"wp-block-heading\"><strong>W Appetit Cafe promujemy zdrowy tryb \u017cycia!<\/strong><\/h2>\n\n\n\n<p>Specjalnie dla Pa\u0144stwa oferujemy produkty najwy\u017cszej jako\u015bci, przyrz\u0105dzane bezpo\u015bredniego z\u0142o\u017ceniu zam\u00f3wienia. Serdecznie zapraszamy do spr\u00f3bowania asortymentu z naszego nowego menu. Nasz\u0105 specjalno\u015bci\u0105 s\u0105 ciasta wypiekane wed\u0142ug domowych receptur i na bazie naturalnych produkt\u00f3w.<\/p>\n\n\n\n<p>W naszym menu znajd\u0105 pa\u0144stwo szeroki wachlarz potraw, kaw i deser\u00f3w\nlodowych z rozmaitymi dodatkami. Oferujemy du\u017cy wyb\u00f3r \u015bniada\u0144 i r\u00f3\u017cnorodnych\nprzek\u0105sek. Proponujemy tak\u017ce \u015bwie\u017co wyciskane soki owocowe oraz oczyszczaj\u0105ce\nkoktajle warzywne. Zach\u0119camy r\u00f3wnie\u017c do skosztowania da\u0144 z naszej codziennej\nkarty znajduj\u0105cej si\u0119 na tablicy w barze.<\/p>\n\n\n\n<p>Wszystko przygotowujemy na bie\u017c\u0105co, dbaj\u0105c o jak najwy\u017csz\u0105 jako\u015b\u0107,\nestetyk\u0119 i wra\u017cenia smakowe.<\/p>\n\n\n\n<p>Zapraszamy do organizowania imprez okoliczno\u015bciowych. Menu i ceny do uzgodnienia. W ofercie posiadamy najwy\u017cszej jako\u015bci, przepyszne domowe wypieki oparte na tradycyjnych recepturach. Aktualny asortyment wraz z cenami znajduje si\u0119 w witrynie ciastkarskiej.<\/p>\n\n\n\n<h2 class=\"wp-block-heading has-text-align-center\"><strong>Appetit Cafe Menu<\/strong><\/h2>\n\n\n<div class=\"wp-block-image\">\n<figure class=\"aligncenter size-medium\"><a href=\"http:\/\/appetitcafe.pl\/index.php\/2020\/03\/31\/appetit-cafe-kawiarnia-jelenia-gora-cieplice-menu\/\"><img loading=\"lazy\" decoding=\"async\" width=\"212\" height=\"300\" src=\"https:\/\/appetitcafe.pl\/wp-content\/uploads\/2025\/01\/AppetitCafe_Menu_01_Desery_i_Ciasta_WEBP-212x300.webp\" alt=\"\" class=\"wp-image-1562\" srcset=\"https:\/\/appetitcafe.pl\/wp-content\/uploads\/2025\/01\/AppetitCafe_Menu_01_Desery_i_Ciasta_WEBP-212x300.webp 212w, https:\/\/appetitcafe.pl\/wp-content\/uploads\/2025\/01\/AppetitCafe_Menu_01_Desery_i_Ciasta_WEBP-724x1024.webp 724w, https:\/\/appetitcafe.pl\/wp-content\/uploads\/2025\/01\/AppetitCafe_Menu_01_Desery_i_Ciasta_WEBP-768x1086.webp 768w, https:\/\/appetitcafe.pl\/wp-content\/uploads\/2025\/01\/AppetitCafe_Menu_01_Desery_i_Ciasta_WEBP-1086x1536.webp 1086w, https:\/\/appetitcafe.pl\/wp-content\/uploads\/2025\/01\/AppetitCafe_Menu_01_Desery_i_Ciasta_WEBP.webp 1414w\" sizes=\"auto, (max-width: 212px) 100vw, 212px\" \/><\/a><figcaption class=\"wp-element-caption\"><a href=\"http:\/\/appetitcafe.pl\/index.php\/2020\/03\/31\/appetit-cafe-kawiarnia-jelenia-gora-cieplice-menu\/\">&#8230;click&#8230;<\/a><\/figcaption><\/figure><\/div>","protected":false},"excerpt":{"rendered":"<p>W Appetit Cafe promujemy zdrowy tryb \u017cycia! Specjalnie dla Pa\u0144stwa oferujemy produkty najwy\u017cszej jako\u015bci, przyrz\u0105dzane bezpo\u015bredniego z\u0142o\u017ceniu zam\u00f3wienia. Serdecznie zapraszamy do spr\u00f3bowania asortymentu z naszego nowego menu. Nasz\u0105 specjalno\u015bci\u0105 s\u0105 ciasta wypiekane wed\u0142ug domowych receptur i na bazie naturalnych produkt\u00f3w. W naszym menu znajd\u0105 pa\u0144stwo szeroki wachlarz potraw, kaw i deser\u00f3w lodowych z rozmaitymi dodatkami. &hellip; <\/p>\n<p class=\"link-more\"><a href=\"https:\/\/appetitcafe.pl\/index.php\/restauracja-jelenia-gora-cieplice-menu\/\" class=\"more-link\">Czytaj dalej<span class=\"screen-reader-text\"> \u201eMenu\u201d<\/span><\/a><\/p>\n","protected":false},"author":1,"featured_media":1465,"parent":0,"menu_order":0,"comment_status":"closed","ping_status":"closed","template":"","meta":{"ngg_post_thumbnail":0,"footnotes":""},"class_list":["post-12","page","type-page","status-publish","has-post-thumbnail","hentry"],"_links":{"self":[{"href":"https:\/\/appetitcafe.pl\/index.php\/wp-json\/wp\/v2\/pages\/12","targetHints":{"allow":["GET"]}}],"collection":[{"href":"https:\/\/appetitcafe.pl\/index.php\/wp-json\/wp\/v2\/pages"}],"about":[{"href":"https:\/\/appetitcafe.pl\/index.php\/wp-json\/wp\/v2\/types\/page"}],"author":[{"embeddable":true,"href":"https:\/\/appetitcafe.pl\/index.php\/wp-json\/wp\/v2\/users\/1"}],"replies":[{"embeddable":true,"href":"https:\/\/appetitcafe.pl\/index.php\/wp-json\/wp\/v2\/comments?post=12"}],"version-history":[{"count":31,"href":"https:\/\/appetitcafe.pl\/index.php\/wp-json\/wp\/v2\/pages\/12\/revisions"}],"predecessor-version":[{"id":1564,"href":"https:\/\/appetitcafe.pl\/index.php\/wp-json\/wp\/v2\/pages\/12\/revisions\/1564"}],"wp:featuredmedia":[{"embeddable":true,"href":"https:\/\/appetitcafe.pl\/index.php\/wp-json\/wp\/v2\/media\/1465"}],"wp:attachment":[{"href":"https:\/\/appetitcafe.pl\/index.php\/wp-json\/wp\/v2\/media?parent=12"}],"curies":[{"name":"wp","href":"https:\/\/api.w.org\/{rel}","templated":true}]}}